{"version":"1.0","provider_name":"Balticsea 2023","provider_url":"https:\/\/windforce.info\/balticsea-2023","title":"Christian MeyerNieders\u00e4chsisches Ministerium f\u00fcr Umwelt, Energie und Klimaschutz - Balticsea 2023","type":"rich","width":600,"height":338,"html":"<blockquote class=\"wp-embedded-content\"><a href=\"https:\/\/windforce.info\/balticsea-2023\/speaker\/christianmeyer\/\">Christian Meyer<\/br>Nieders\u00e4chsisches Ministerium f\u00fcr Umwelt, Energie und Klimaschutz<\/a><\/blockquote>\n<script type='text\/javascript'>\n<!--\/\/--><![CDATA[\/\/><!--\n\t\t!function(d,l){\"use strict\";var e=!1,n=!1;if(l.querySelector)if(d.addEventListener)e=!0;if(d.wp=d.wp||{},!d.wp.receiveEmbedMessage)if(d.wp.receiveEmbedMessage=function(e){var t=e.data;if(t)if(t.secret||t.message||t.value)if(!\/[^a-zA-Z0-9]\/.test(t.secret)){for(var r,i,a,s=l.querySelectorAll('iframe[data-secret=\"'+t.secret+'\"]'),n=l.querySelectorAll('blockquote[data-secret=\"'+t.secret+'\"]'),o=new RegExp(\"^https?:$\",\"i\"),c=0;c<n.length;c++)n[c].style.display=\"none\";for(c=0;c<s.length;c++)if(r=s[c],e.source===r.contentWindow){if(r.removeAttribute(\"style\"),\"height\"===t.message){if(1e3<(a=parseInt(t.value,10)))a=1e3;else if(~~a<200)a=200;r.height=a}if(\"link\"===t.message)if(i=l.createElement(\"a\"),a=l.createElement(\"a\"),i.href=r.getAttribute(\"src\"),a.href=t.value,o.test(a.protocol))if(a.host===i.host)if(l.activeElement===r)d.top.location.href=t.value}}},e)d.addEventListener(\"message\",d.wp.receiveEmbedMessage,!1),l.addEventListener(\"DOMContentLoaded\",t,!1),d.addEventListener(\"load\",t,!1);function t(){if(!n){n=!0;for(var e,t,r=-1!==navigator.appVersion.indexOf(\"MSIE 10\"),i=!!navigator.userAgent.match(\/Trident.*rv:11\\.\/),a=l.querySelectorAll(\"iframe.wp-embedded-content\"),s=0;s<a.length;s++){if(!(e=a[s]).getAttribute(\"data-secret\"))t=Math.random().toString(36).substr(2,10),e.src+=\"#?secret=\"+t,e.setAttribute(\"data-secret\",t);if(r||i)(t=e.cloneNode(!0)).removeAttribute(\"security\"),e.parentNode.replaceChild(t,e)}}}}(window,document);\n\/\/--><!]]>\n<\/script><iframe sandbox=\"allow-scripts\" security=\"restricted\" src=\"https:\/\/windforce.info\/balticsea-2023\/speaker\/christianmeyer\/embed\/\" width=\"600\" height=\"338\" title=\"&#8222;Christian Meyer&lt;\/br&gt;Nieders\u00e4chsisches Ministerium f\u00fcr Umwelt, Energie und Klimaschutz&#8220; &#8212; Balticsea 2023\" frameborder=\"0\" marginwidth=\"0\" marginheight=\"0\" scrolling=\"no\" class=\"wp-embedded-content\"><\/iframe>","thumbnail_url":"https:\/\/windforce.info\/balticsea-2023\/wp-content\/uploads\/sites\/20\/2023\/07\/Christian_Meyer_Umweltminister_Niedersachsen-Kopie.jpg","thumbnail_width":1580,"thumbnail_height":1581,"description":"Umweltminister Christian Meyer Seit 2022 Nieders\u00e4chsischer Minister f\u00fcr Umwelt, Energie und Klimaschutz 2017 bis 2022 Stellvertretender Vorsitzender der Landtagsfraktion B\u00fcndnis 90\/Die Gr\u00fcnen 2013 bis 2017 Minister f\u00fcr Ern\u00e4hrung, Landwirtschaft und Verbraucherschutz Seit 2008 Mitglied des Nieders\u00e4chsischen Landtages 2004 bis 2008 Gesch\u00e4ftsf\u00fchrer des F\u00f6rdervereins \u00d6kologische Steuerreform e.V. 2003 T\u00e4tigkeit f\u00fcr die Europaabgeordnete Hiltrud Breyer in den... Artikel ansehen"}

Christian MeyerNiedersächsisches Ministerium für Umwelt, Energie und Klimaschutz - Balticsea 2023

<blockquote class="wp-embedded-content"><a href="https://windforce.info/balticsea-2023/speaker/christianmeyer/">Christian Meyer</br>Niedersächsisches Ministerium für Umwelt, Energie und Klimaschutz</a></blockquote>
<script type='text/javascript'>
<!--//--><![CDATA[//><!--
		!function(d,l){"use strict";var e=!1,n=!1;if(l.querySelector)if(d.addEventListener)e=!0;if(d.wp=d.wp||{},!d.wp.receiveEmbedMessage)if(d.wp.receiveEmbedMessage=function(e){var t=e.data;if(t)if(t.secret||t.message||t.value)if(!/[^a-zA-Z0-9]/.test(t.secret)){for(var r,i,a,s=l.querySelectorAll('iframe[data-secret="'+t.secret+'"]'),n=l.querySelectorAll('blockquote[data-secret="'+t.secret+'"]'),o=new RegExp("^https?:$","i"),c=0;c<n.length;c++)n[c].style.display="none";for(c=0;c<s.length;c++)if(r=s[c],e.source===r.contentWindow){if(r.removeAttribute("style"),"height"===t.message){if(1e3<(a=parseInt(t.value,10)))a=1e3;else if(~~a<200)a=200;r.height=a}if("link"===t.message)if(i=l.createElement("a"),a=l.createElement("a"),i.href=r.getAttribute("src"),a.href=t.value,o.test(a.protocol))if(a.host===i.host)if(l.activeElement===r)d.top.location.href=t.value}}},e)d.addEventListener("message",d.wp.receiveEmbedMessage,!1),l.addEventListener("DOMContentLoaded",t,!1),d.addEventListener("load",t,!1);function t(){if(!n){n=!0;for(var e,t,r=-1!==navigator.appVersion.indexOf("MSIE 10"),i=!!navigator.userAgent.match(/Trident.*rv:11\./),a=l.querySelectorAll("iframe.wp-embedded-content"),s=0;s<a.length;s++){if(!(e=a[s]).getAttribute("data-secret"))t=Math.random().toString(36).substr(2,10),e.src+="#?secret="+t,e.setAttribute("data-secret",t);if(r||i)(t=e.cloneNode(!0)).removeAttribute("security"),e.parentNode.replaceChild(t,e)}}}}(window,document);
//--><!]]>
</script><iframe sandbox="allow-scripts" security="restricted" src="https://windforce.info/balticsea-2023/speaker/christianmeyer/embed/" width="600" height="338" title="&#8222;Christian Meyer&lt;/br&gt;Niedersächsisches Ministerium für Umwelt, Energie und Klimaschutz&#8220; &#8212; Balticsea 2023" frameborder="0" marginwidth="0" marginheight="0" scrolling="no" class="wp-embedded-content"></iframe>

Umweltminister Christian Meyer Seit 2022 Niedersächsischer Minister für Umwelt, Energie und Klimaschutz 2017 bis 2022 Stellvertretender Vorsitzender der Landtagsfraktion Bündnis 90/Die Grünen 2013 bis 2017 Minister für Ernährung, Landwirtschaft und Verbraucherschutz Seit 2008 Mitglied des Niedersächsischen Landtages 2004 bis 2008 Geschäftsführer des Fördervereins Ökologische Steuerreform e.V. 2003 Tätigkeit für die Europaabgeordnete Hiltrud Breyer in den... Artikel ansehen
