{"version":"1.0","provider_name":"Balticsea 2023","provider_url":"https:\/\/windforce.info\/balticsea-2023","title":"Sts Ines JesseMecklenburg-Vorpommern - Balticsea 2023","type":"rich","width":600,"height":338,"html":"<blockquote class=\"wp-embedded-content\"><a href=\"https:\/\/windforce.info\/balticsea-2023\/speaker\/inesjesse\/\">Sts Ines Jesse<\/br>Mecklenburg-Vorpommern<\/br><\/br><\/a><\/blockquote>\n<script type='text\/javascript'>\n<!--\/\/--><![CDATA[\/\/><!--\n\t\t!function(d,l){\"use strict\";var e=!1,n=!1;if(l.querySelector)if(d.addEventListener)e=!0;if(d.wp=d.wp||{},!d.wp.receiveEmbedMessage)if(d.wp.receiveEmbedMessage=function(e){var t=e.data;if(t)if(t.secret||t.message||t.value)if(!\/[^a-zA-Z0-9]\/.test(t.secret)){for(var r,i,a,s=l.querySelectorAll('iframe[data-secret=\"'+t.secret+'\"]'),n=l.querySelectorAll('blockquote[data-secret=\"'+t.secret+'\"]'),o=new RegExp(\"^https?:$\",\"i\"),c=0;c<n.length;c++)n[c].style.display=\"none\";for(c=0;c<s.length;c++)if(r=s[c],e.source===r.contentWindow){if(r.removeAttribute(\"style\"),\"height\"===t.message){if(1e3<(a=parseInt(t.value,10)))a=1e3;else if(~~a<200)a=200;r.height=a}if(\"link\"===t.message)if(i=l.createElement(\"a\"),a=l.createElement(\"a\"),i.href=r.getAttribute(\"src\"),a.href=t.value,o.test(a.protocol))if(a.host===i.host)if(l.activeElement===r)d.top.location.href=t.value}}},e)d.addEventListener(\"message\",d.wp.receiveEmbedMessage,!1),l.addEventListener(\"DOMContentLoaded\",t,!1),d.addEventListener(\"load\",t,!1);function t(){if(!n){n=!0;for(var e,t,r=-1!==navigator.appVersion.indexOf(\"MSIE 10\"),i=!!navigator.userAgent.match(\/Trident.*rv:11\\.\/),a=l.querySelectorAll(\"iframe.wp-embedded-content\"),s=0;s<a.length;s++){if(!(e=a[s]).getAttribute(\"data-secret\"))t=Math.random().toString(36).substr(2,10),e.src+=\"#?secret=\"+t,e.setAttribute(\"data-secret\",t);if(r||i)(t=e.cloneNode(!0)).removeAttribute(\"security\"),e.parentNode.replaceChild(t,e)}}}}(window,document);\n\/\/--><!]]>\n<\/script><iframe sandbox=\"allow-scripts\" security=\"restricted\" src=\"https:\/\/windforce.info\/balticsea-2023\/speaker\/inesjesse\/embed\/\" width=\"600\" height=\"338\" title=\"&#8222;Sts Ines Jesse&lt;\/br&gt;Mecklenburg-Vorpommern&lt;\/br&gt;&lt;\/br&gt;&#8220; &#8212; Balticsea 2023\" frameborder=\"0\" marginwidth=\"0\" marginheight=\"0\" scrolling=\"no\" class=\"wp-embedded-content\"><\/iframe>","thumbnail_url":"https:\/\/windforce.info\/balticsea-2023\/wp-content\/uploads\/sites\/20\/2022\/06\/Ines_Jesse_Staatssekret\u00e4rin_MecklenburgVorpommern_Kopie.jpg","thumbnail_width":455,"thumbnail_height":455,"description":"Ines Jesse wurde am 25. April 1971 in der Hansestadt Rostock geboren. Die Juristin Ines Jesse verf\u00fcgt \u00fcber gro\u00dfe Erfahrungen im Bereich der kommunalen Verwaltung. Im Mai 2016 wurde Ines Jesse in Brandenburg zur Staatssekret\u00e4rin des Ministeriums f\u00fcr Infrastruktur und Landesplanung ernannt. Im November 2019 \u00fcbernahm sie das Amt als Staatssekret\u00e4rin f\u00fcr Bildung, Jugend und... Artikel ansehen"}

https://windforce.info/balticsea-2023/wp-content/uploads/sites/20/2022/06/Ines_Jesse_Staatssekretärin_MecklenburgVorpommern_Kopie.jpg

Ines Jesse wurde am 25. April 1971 in der Hansestadt Rostock geboren. Die Juristin Ines Jesse verfügt über große Erfahrungen im Bereich der kommunalen Verwaltung. Im Mai 2016 wurde Ines Jesse in Brandenburg zur Staatssekretärin des Ministeriums für Infrastruktur und Landesplanung ernannt. Im November 2019 übernahm sie das Amt als Staatssekretärin für Bildung, Jugend und... Artikel ansehen
