{"version":"1.0","provider_name":"windforce 2024","provider_url":"https:\/\/windforce.info\/windforce-2024","title":"Referentin:Anna Lena GarmsBIS Bremerhavener Gesellschaft f\u00fcr Investitionsf\u00f6rderung und Stadtentwicklung mbH - windforce 2024","type":"rich","width":600,"height":338,"html":"<blockquote class=\"wp-embedded-content\"><a href=\"https:\/\/windforce.info\/windforce-2024\/speaker\/anna-lena-garms\/\">Referentin:<\/br>Anna Lena Garms<\/br>BIS Bremerhavener Gesellschaft f\u00fcr Investitionsf\u00f6rderung und Stadtentwicklung mbH<\/a><\/blockquote>\n<script type='text\/javascript'>\n<!--\/\/--><![CDATA[\/\/><!--\n\t\t!function(d,l){\"use strict\";var e=!1,n=!1;if(l.querySelector)if(d.addEventListener)e=!0;if(d.wp=d.wp||{},!d.wp.receiveEmbedMessage)if(d.wp.receiveEmbedMessage=function(e){var t=e.data;if(t)if(t.secret||t.message||t.value)if(!\/[^a-zA-Z0-9]\/.test(t.secret)){for(var r,i,a,s=l.querySelectorAll('iframe[data-secret=\"'+t.secret+'\"]'),n=l.querySelectorAll('blockquote[data-secret=\"'+t.secret+'\"]'),o=new RegExp(\"^https?:$\",\"i\"),c=0;c<n.length;c++)n[c].style.display=\"none\";for(c=0;c<s.length;c++)if(r=s[c],e.source===r.contentWindow){if(r.removeAttribute(\"style\"),\"height\"===t.message){if(1e3<(a=parseInt(t.value,10)))a=1e3;else if(~~a<200)a=200;r.height=a}if(\"link\"===t.message)if(i=l.createElement(\"a\"),a=l.createElement(\"a\"),i.href=r.getAttribute(\"src\"),a.href=t.value,o.test(a.protocol))if(a.host===i.host)if(l.activeElement===r)d.top.location.href=t.value}}},e)d.addEventListener(\"message\",d.wp.receiveEmbedMessage,!1),l.addEventListener(\"DOMContentLoaded\",t,!1),d.addEventListener(\"load\",t,!1);function t(){if(!n){n=!0;for(var e,t,r=-1!==navigator.appVersion.indexOf(\"MSIE 10\"),i=!!navigator.userAgent.match(\/Trident.*rv:11\\.\/),a=l.querySelectorAll(\"iframe.wp-embedded-content\"),s=0;s<a.length;s++){if(!(e=a[s]).getAttribute(\"data-secret\"))t=Math.random().toString(36).substr(2,10),e.src+=\"#?secret=\"+t,e.setAttribute(\"data-secret\",t);if(r||i)(t=e.cloneNode(!0)).removeAttribute(\"security\"),e.parentNode.replaceChild(t,e)}}}}(window,document);\n\/\/--><!]]>\n<\/script><iframe sandbox=\"allow-scripts\" security=\"restricted\" src=\"https:\/\/windforce.info\/windforce-2024\/speaker\/anna-lena-garms\/embed\/\" width=\"600\" height=\"338\" title=\"&#8222;Referentin:&lt;\/br&gt;Anna Lena Garms&lt;\/br&gt;BIS Bremerhavener Gesellschaft f\u00fcr Investitionsf\u00f6rderung und Stadtentwicklung mbH&#8220; &#8212; windforce 2024\" frameborder=\"0\" marginwidth=\"0\" marginheight=\"0\" scrolling=\"no\" class=\"wp-embedded-content\"><\/iframe>","thumbnail_url":"https:\/\/windforce.info\/windforce-2024\/wp-content\/uploads\/sites\/21\/2023\/06\/Anna_Lena_Garms_BIS-Kopie-scaled.jpg","thumbnail_width":2560,"thumbnail_height":2560,"description":"Seit 05\/2022 arbeite ich als Referentin f\u00fcr F\u00f6rderprogramme bei der BIS. Meine Aufgabe besteht darin Projekte von der Idee \u00fcber die Antragsstellung bis zum Projektabschluss zu begleiten. Zuvor habe ich meinen Master of Engineering im Studiengang \u201eZukunftsf\u00e4hige Energie- und Umweltsysteme\u201c an der Hochschule Bremen, sowie den Bachelor of Science als Wirtschaftsingenieur Maschinenbau in Magdeburg absolviert.... Artikel ansehen"}

Referentin:Anna Lena GarmsBIS Bremerhavener Gesellschaft für Investitionsförderung und Stadtentwicklung mbH - windforce 2024

<blockquote class="wp-embedded-content"><a href="https://windforce.info/windforce-2024/speaker/anna-lena-garms/">Referentin:</br>Anna Lena Garms</br>BIS Bremerhavener Gesellschaft für Investitionsförderung und Stadtentwicklung mbH</a></blockquote>
<script type='text/javascript'>
<!--//--><![CDATA[//><!--
		!function(d,l){"use strict";var e=!1,n=!1;if(l.querySelector)if(d.addEventListener)e=!0;if(d.wp=d.wp||{},!d.wp.receiveEmbedMessage)if(d.wp.receiveEmbedMessage=function(e){var t=e.data;if(t)if(t.secret||t.message||t.value)if(!/[^a-zA-Z0-9]/.test(t.secret)){for(var r,i,a,s=l.querySelectorAll('iframe[data-secret="'+t.secret+'"]'),n=l.querySelectorAll('blockquote[data-secret="'+t.secret+'"]'),o=new RegExp("^https?:$","i"),c=0;c<n.length;c++)n[c].style.display="none";for(c=0;c<s.length;c++)if(r=s[c],e.source===r.contentWindow){if(r.removeAttribute("style"),"height"===t.message){if(1e3<(a=parseInt(t.value,10)))a=1e3;else if(~~a<200)a=200;r.height=a}if("link"===t.message)if(i=l.createElement("a"),a=l.createElement("a"),i.href=r.getAttribute("src"),a.href=t.value,o.test(a.protocol))if(a.host===i.host)if(l.activeElement===r)d.top.location.href=t.value}}},e)d.addEventListener("message",d.wp.receiveEmbedMessage,!1),l.addEventListener("DOMContentLoaded",t,!1),d.addEventListener("load",t,!1);function t(){if(!n){n=!0;for(var e,t,r=-1!==navigator.appVersion.indexOf("MSIE 10"),i=!!navigator.userAgent.match(/Trident.*rv:11\./),a=l.querySelectorAll("iframe.wp-embedded-content"),s=0;s<a.length;s++){if(!(e=a[s]).getAttribute("data-secret"))t=Math.random().toString(36).substr(2,10),e.src+="#?secret="+t,e.setAttribute("data-secret",t);if(r||i)(t=e.cloneNode(!0)).removeAttribute("security"),e.parentNode.replaceChild(t,e)}}}}(window,document);
//--><!]]>
</script><iframe sandbox="allow-scripts" security="restricted" src="https://windforce.info/windforce-2024/speaker/anna-lena-garms/embed/" width="600" height="338" title="&#8222;Referentin:&lt;/br&gt;Anna Lena Garms&lt;/br&gt;BIS Bremerhavener Gesellschaft für Investitionsförderung und Stadtentwicklung mbH&#8220; &#8212; windforce 2024" frameborder="0" marginwidth="0" marginheight="0" scrolling="no" class="wp-embedded-content"></iframe>

Seit 05/2022 arbeite ich als Referentin für Förderprogramme bei der BIS. Meine Aufgabe besteht darin Projekte von der Idee über die Antragsstellung bis zum Projektabschluss zu begleiten. Zuvor habe ich meinen Master of Engineering im Studiengang „Zukunftsfähige Energie- und Umweltsysteme“ an der Hochschule Bremen, sowie den Bachelor of Science als Wirtschaftsingenieur Maschinenbau in Magdeburg absolviert.... Artikel ansehen
