{"version":"1.0","provider_name":"Windforce 2023","provider_url":"https:\/\/windforce.info\/windforce2023","title":"Stefan F\u00e4rberbremenports - Windforce 2023","type":"rich","width":600,"height":338,"html":"<blockquote class=\"wp-embedded-content\"><a href=\"https:\/\/windforce.info\/windforce2023\/speaker\/stefan-faerber\/\"><\/br>Stefan F\u00e4rber<\/br>bremenports<\/br><\/br><\/br><\/a><\/blockquote>\n<script type='text\/javascript'>\n<!--\/\/--><![CDATA[\/\/><!--\n\t\t!function(d,l){\"use strict\";var e=!1,n=!1;if(l.querySelector)if(d.addEventListener)e=!0;if(d.wp=d.wp||{},!d.wp.receiveEmbedMessage)if(d.wp.receiveEmbedMessage=function(e){var t=e.data;if(t)if(t.secret||t.message||t.value)if(!\/[^a-zA-Z0-9]\/.test(t.secret)){for(var r,i,a,s=l.querySelectorAll('iframe[data-secret=\"'+t.secret+'\"]'),n=l.querySelectorAll('blockquote[data-secret=\"'+t.secret+'\"]'),o=new RegExp(\"^https?:$\",\"i\"),c=0;c<n.length;c++)n[c].style.display=\"none\";for(c=0;c<s.length;c++)if(r=s[c],e.source===r.contentWindow){if(r.removeAttribute(\"style\"),\"height\"===t.message){if(1e3<(a=parseInt(t.value,10)))a=1e3;else if(~~a<200)a=200;r.height=a}if(\"link\"===t.message)if(i=l.createElement(\"a\"),a=l.createElement(\"a\"),i.href=r.getAttribute(\"src\"),a.href=t.value,o.test(a.protocol))if(a.host===i.host)if(l.activeElement===r)d.top.location.href=t.value}}},e)d.addEventListener(\"message\",d.wp.receiveEmbedMessage,!1),l.addEventListener(\"DOMContentLoaded\",t,!1),d.addEventListener(\"load\",t,!1);function t(){if(!n){n=!0;for(var e,t,r=-1!==navigator.appVersion.indexOf(\"MSIE 10\"),i=!!navigator.userAgent.match(\/Trident.*rv:11\\.\/),a=l.querySelectorAll(\"iframe.wp-embedded-content\"),s=0;s<a.length;s++){if(!(e=a[s]).getAttribute(\"data-secret\"))t=Math.random().toString(36).substr(2,10),e.src+=\"#?secret=\"+t,e.setAttribute(\"data-secret\",t);if(r||i)(t=e.cloneNode(!0)).removeAttribute(\"security\"),e.parentNode.replaceChild(t,e)}}}}(window,document);\n\/\/--><!]]>\n<\/script><iframe sandbox=\"allow-scripts\" security=\"restricted\" src=\"https:\/\/windforce.info\/windforce2023\/speaker\/stefan-faerber\/embed\/\" width=\"600\" height=\"338\" title=\"&#8222;&lt;\/br&gt;Stefan F\u00e4rber&lt;\/br&gt;bremenports&lt;\/br&gt;&lt;\/br&gt;&lt;\/br&gt;&#8220; &#8212; Windforce 2023\" frameborder=\"0\" marginwidth=\"0\" marginheight=\"0\" scrolling=\"no\" class=\"wp-embedded-content\"><\/iframe>","thumbnail_url":"https:\/\/windforce.info\/windforce2023\/wp-content\/uploads\/sites\/16\/2023\/04\/Stefan_bremerports.png","thumbnail_width":728,"thumbnail_height":569,"description":"Herr F\u00e4rber ist Jurist und arbeitet seit 14 Jahren bei bremenports im Hafenmanagement. Er hat in dieser Zeit bei bremenports verschiedene Positionen bekleidet und ist seit Anfang des Jahres 2022 Mitglied der Gesch\u00e4ftsleitung und dort als Prokurist f\u00fcr den Gesch\u00e4ftsbereich \u201eHafenentwicklung und Innovation\u201c verantwortlich."}

Stefan Färberbremenports - Windforce 2023

<blockquote class="wp-embedded-content"><a href="https://windforce.info/windforce2023/speaker/stefan-faerber/"></br>Stefan Färber</br>bremenports</br></br></br></a></blockquote>
<script type='text/javascript'>
<!--//--><![CDATA[//><!--
		!function(d,l){"use strict";var e=!1,n=!1;if(l.querySelector)if(d.addEventListener)e=!0;if(d.wp=d.wp||{},!d.wp.receiveEmbedMessage)if(d.wp.receiveEmbedMessage=function(e){var t=e.data;if(t)if(t.secret||t.message||t.value)if(!/[^a-zA-Z0-9]/.test(t.secret)){for(var r,i,a,s=l.querySelectorAll('iframe[data-secret="'+t.secret+'"]'),n=l.querySelectorAll('blockquote[data-secret="'+t.secret+'"]'),o=new RegExp("^https?:$","i"),c=0;c<n.length;c++)n[c].style.display="none";for(c=0;c<s.length;c++)if(r=s[c],e.source===r.contentWindow){if(r.removeAttribute("style"),"height"===t.message){if(1e3<(a=parseInt(t.value,10)))a=1e3;else if(~~a<200)a=200;r.height=a}if("link"===t.message)if(i=l.createElement("a"),a=l.createElement("a"),i.href=r.getAttribute("src"),a.href=t.value,o.test(a.protocol))if(a.host===i.host)if(l.activeElement===r)d.top.location.href=t.value}}},e)d.addEventListener("message",d.wp.receiveEmbedMessage,!1),l.addEventListener("DOMContentLoaded",t,!1),d.addEventListener("load",t,!1);function t(){if(!n){n=!0;for(var e,t,r=-1!==navigator.appVersion.indexOf("MSIE 10"),i=!!navigator.userAgent.match(/Trident.*rv:11\./),a=l.querySelectorAll("iframe.wp-embedded-content"),s=0;s<a.length;s++){if(!(e=a[s]).getAttribute("data-secret"))t=Math.random().toString(36).substr(2,10),e.src+="#?secret="+t,e.setAttribute("data-secret",t);if(r||i)(t=e.cloneNode(!0)).removeAttribute("security"),e.parentNode.replaceChild(t,e)}}}}(window,document);
//--><!]]>
</script><iframe sandbox="allow-scripts" security="restricted" src="https://windforce.info/windforce2023/speaker/stefan-faerber/embed/" width="600" height="338" title="&#8222;&lt;/br&gt;Stefan Färber&lt;/br&gt;bremenports&lt;/br&gt;&lt;/br&gt;&lt;/br&gt;&#8220; &#8212; Windforce 2023" frameborder="0" marginwidth="0" marginheight="0" scrolling="no" class="wp-embedded-content"></iframe>

Herr Färber ist Jurist und arbeitet seit 14 Jahren bei bremenports im Hafenmanagement. Er hat in dieser Zeit bei bremenports verschiedene Positionen bekleidet und ist seit Anfang des Jahres 2022 Mitglied der Geschäftsleitung und dort als Prokurist für den Geschäftsbereich „Hafenentwicklung und Innovation“ verantwortlich.
